[INFO] fetching crate scte35-reader 0.13.0...
[INFO] building scte35-reader-0.13.0 against master#ff34b919075f35a1787659e9c448a34b06bab8de for issue-85264
[INFO] extracting crate scte35-reader 0.13.0 into /workspace/builds/worker-5/source
[INFO] validating manifest of crates.io crate scte35-reader 0.13.0 on toolchain ff34b919075f35a1787659e9c448a34b06bab8de
[INFO] running `Command { std: "/workspace/cargo-home/bin/cargo" "+ff34b919075f35a1787659e9c448a34b06bab8de" "metadata" "--manifest-path" "Cargo.toml" "--no-deps", kill_on_drop: false }`
[INFO] started tweaking crates.io crate scte35-reader 0.13.0
[INFO] finished tweaking crates.io crate scte35-reader 0.13.0
[INFO] tweaked toml for crates.io crate scte35-reader 0.13.0 written to /workspace/builds/worker-5/source/Cargo.toml
[INFO] running `Command { std: "/workspace/cargo-home/bin/cargo" "+ff34b919075f35a1787659e9c448a34b06bab8de" "generate-lockfile" "--manifest-path" "Cargo.toml" "-Zno-index-update", kill_on_drop: false }`
[INFO] running `Command { std: "/workspace/cargo-home/bin/cargo" "+ff34b919075f35a1787659e9c448a34b06bab8de" "fetch" "--manifest-path" "Cargo.toml", kill_on_drop: false }`
[INFO] [stderr]     Blocking waiting for file lock on package cache
[INFO] [stderr]     Blocking waiting for file lock on package cache
[INFO] running `Command { std: "docker" "create" "-v" "/var/lib/crater-agent-workspace/builds/worker-5/target:/opt/rustwide/target:rw,Z" "-v" "/var/lib/crater-agent-workspace/builds/worker-5/source:/opt/rustwide/workdir:ro,Z" "-v" "/var/lib/crater-agent-workspace/cargo-home:/opt/rustwide/cargo-home:ro,Z" "-v" "/var/lib/crater-agent-workspace/rustup-home:/opt/rustwide/rustup-home:ro,Z" "-e" "SOURCE_DIR=/opt/rustwide/workdir" "-e" "CARGO_TARGET_DIR=/opt/rustwide/target" "-e" "CARGO_HOME=/opt/rustwide/cargo-home" "-e" "RUSTUP_HOME=/opt/rustwide/rustup-home" "-w" "/opt/rustwide/workdir" "-m" "1610612736" "--user" "0:0" "--network" "none" "ghcr.io/rust-lang/crates-build-env/linux@sha256:20528e8c29e4536546f0102ce88568b16ea7538393a33fcca951030f7af10457" "/opt/rustwide/cargo-home/bin/cargo" "+ff34b919075f35a1787659e9c448a34b06bab8de" "metadata" "--no-deps" "--format-version=1", kill_on_drop: false }`
[INFO] [stdout] 67d7add656dc2192168bd2bc56e2770aa036c0606ffcfa96b5fc0e123cf1a457
[INFO] [stderr] WARNING: Your kernel does not support swap limit capabilities or the cgroup is not mounted. Memory limited without swap.
[INFO] running `Command { std: "docker" "start" "-a" "67d7add656dc2192168bd2bc56e2770aa036c0606ffcfa96b5fc0e123cf1a457", kill_on_drop: false }`
[INFO] running `Command { std: "docker" "inspect" "67d7add656dc2192168bd2bc56e2770aa036c0606ffcfa96b5fc0e123cf1a457", kill_on_drop: false }`
[INFO] running `Command { std: "docker" "rm" "-f" "67d7add656dc2192168bd2bc56e2770aa036c0606ffcfa96b5fc0e123cf1a457", kill_on_drop: false }`
[INFO] [stdout] 67d7add656dc2192168bd2bc56e2770aa036c0606ffcfa96b5fc0e123cf1a457
[INFO] running `Command { std: "docker" "create" "-v" "/var/lib/crater-agent-workspace/builds/worker-5/target:/opt/rustwide/target:rw,Z" "-v" "/var/lib/crater-agent-workspace/builds/worker-5/source:/opt/rustwide/workdir:ro,Z" "-v" "/var/lib/crater-agent-workspace/cargo-home:/opt/rustwide/cargo-home:ro,Z" "-v" "/var/lib/crater-agent-workspace/rustup-home:/opt/rustwide/rustup-home:ro,Z" "-e" "SOURCE_DIR=/opt/rustwide/workdir" "-e" "CARGO_TARGET_DIR=/opt/rustwide/target" "-e" "CARGO_INCREMENTAL=0" "-e" "RUST_BACKTRACE=full" "-e" "RUSTFLAGS=--cap-lints=forbid" "-e" "CARGO_HOME=/opt/rustwide/cargo-home" "-e" "RUSTUP_HOME=/opt/rustwide/rustup-home" "-w" "/opt/rustwide/workdir" "-m" "1610612736" "--user" "0:0" "--network" "none" "ghcr.io/rust-lang/crates-build-env/linux@sha256:20528e8c29e4536546f0102ce88568b16ea7538393a33fcca951030f7af10457" "/opt/rustwide/cargo-home/bin/cargo" "+ff34b919075f35a1787659e9c448a34b06bab8de" "build" "--frozen" "--message-format=json", kill_on_drop: false }`
[INFO] [stdout] 767d31dfa3ad978a122e0cd536ce7f07c92b3ddd3bf7852e601ce02ef48341e5
[INFO] [stderr] WARNING: Your kernel does not support swap limit capabilities or the cgroup is not mounted. Memory limited without swap.
[INFO] running `Command { std: "docker" "start" "-a" "767d31dfa3ad978a122e0cd536ce7f07c92b3ddd3bf7852e601ce02ef48341e5", kill_on_drop: false }`
[INFO] [stderr]    Compiling unicode-xid v0.1.0
[INFO] [stderr]    Compiling syn v1.0.72
[INFO] [stderr]    Compiling log v0.4.14
[INFO] [stderr]    Compiling four-cc v0.1.0
[INFO] [stderr]    Compiling serde_derive v1.0.126
[INFO] [stderr]    Compiling fixedbitset v0.4.0
[INFO] [stderr]    Compiling hex-slice v0.1.4
[INFO] [stderr]    Compiling bitreader v0.3.4
[INFO] [stderr]    Compiling serdebug v1.0.5
[INFO] [stderr]    Compiling idna v0.2.3
[INFO] [stderr]    Compiling proc-macro2 v0.4.30
[INFO] [stderr]    Compiling smptera-format-identifiers-rust v0.3.0
[INFO] [stderr]    Compiling mpeg2ts-reader v0.14.0
[INFO] [stderr]    Compiling quote v0.6.13
[INFO] [stderr]    Compiling url v2.2.2
[INFO] [stderr]    Compiling syn v0.14.9
[INFO] [stderr]    Compiling serdebug_derive v1.0.0
[INFO] [stderr]    Compiling scte35-reader v0.13.0 (/opt/rustwide/workdir)
[INFO] [stderr]     Finished dev [unoptimized + debuginfo] target(s) in 15.58s
[INFO] running `Command { std: "docker" "inspect" "767d31dfa3ad978a122e0cd536ce7f07c92b3ddd3bf7852e601ce02ef48341e5", kill_on_drop: false }`
[INFO] running `Command { std: "docker" "rm" "-f" "767d31dfa3ad978a122e0cd536ce7f07c92b3ddd3bf7852e601ce02ef48341e5", kill_on_drop: false }`
[INFO] [stdout] 767d31dfa3ad978a122e0cd536ce7f07c92b3ddd3bf7852e601ce02ef48341e5
[INFO] running `Command { std: "docker" "create" "-v" "/var/lib/crater-agent-workspace/builds/worker-5/target:/opt/rustwide/target:rw,Z" "-v" "/var/lib/crater-agent-workspace/builds/worker-5/source:/opt/rustwide/workdir:ro,Z" "-v" "/var/lib/crater-agent-workspace/cargo-home:/opt/rustwide/cargo-home:ro,Z" "-v" "/var/lib/crater-agent-workspace/rustup-home:/opt/rustwide/rustup-home:ro,Z" "-e" "SOURCE_DIR=/opt/rustwide/workdir" "-e" "CARGO_TARGET_DIR=/opt/rustwide/target" "-e" "CARGO_INCREMENTAL=0" "-e" "RUST_BACKTRACE=full" "-e" "RUSTFLAGS=--cap-lints=forbid" "-e" "CARGO_HOME=/opt/rustwide/cargo-home" "-e" "RUSTUP_HOME=/opt/rustwide/rustup-home" "-w" "/opt/rustwide/workdir" "-m" "1610612736" "--user" "0:0" "--network" "none" "ghcr.io/rust-lang/crates-build-env/linux@sha256:20528e8c29e4536546f0102ce88568b16ea7538393a33fcca951030f7af10457" "/opt/rustwide/cargo-home/bin/cargo" "+ff34b919075f35a1787659e9c448a34b06bab8de" "test" "--frozen" "--no-run" "--message-format=json", kill_on_drop: false }`
[INFO] [stdout] 0d5468b81be5022b276f746492631e5b0ba8e29db4d82d6dfc3d888d9e9287fd
[INFO] [stderr] WARNING: Your kernel does not support swap limit capabilities or the cgroup is not mounted. Memory limited without swap.
[INFO] running `Command { std: "docker" "start" "-a" "0d5468b81be5022b276f746492631e5b0ba8e29db4d82d6dfc3d888d9e9287fd", kill_on_drop: false }`
[INFO] [stderr]    Compiling hex-literal-impl v0.2.2
[INFO] [stderr]    Compiling hex-literal v0.2.1
[INFO] [stderr]    Compiling scte35-reader v0.13.0 (/opt/rustwide/workdir)
[INFO] [stdout] error[E0659]: `assert_matches` is ambiguous (glob import vs any other name from outer scope during import/macro resolution)
[INFO] [stdout]     --> src/lib.rs:1465:13
[INFO] [stdout]      |
[INFO] [stdout] 1465 |             assert_matches!(command, SpliceCommand::SpliceInsert { .. });
[INFO] [stdout]      |             ^^^^^^^^^^^^^^ ambiguous name
[INFO] [stdout]      |
[INFO] [stdout]      = note: `assert_matches` could refer to a macro from prelude
[INFO] [stdout] note: `assert_matches` could also refer to the macro imported here
[INFO] [stdout]     --> src/lib.rs:1438:9
[INFO] [stdout]      |
[INFO] [stdout] 1438 |     use matches::*;
[INFO] [stdout]      |         ^^^^^^^^^^
[INFO] [stdout]      = help: consider adding an explicit import of `assert_matches` to disambiguate
[INFO] [stdout]      = help: or use `self::assert_matches` to refer to this macro unambiguously
[INFO] [stdout] 
[INFO] [stdout] 
[INFO] [stdout] error[E0659]: `assert_matches` is ambiguous (glob import vs any other name from outer scope during import/macro resolution)
[INFO] [stdout]     --> src/lib.rs:1492:13
[INFO] [stdout]      |
[INFO] [stdout] 1492 |             assert_matches!(command, SpliceCommand::TimeSignal { .. });
[INFO] [stdout]      |             ^^^^^^^^^^^^^^ ambiguous name
[INFO] [stdout]      |
[INFO] [stdout]      = note: `assert_matches` could refer to a macro from prelude
[INFO] [stdout] note: `assert_matches` could also refer to the macro imported here
[INFO] [stdout]     --> src/lib.rs:1438:9
[INFO] [stdout]      |
[INFO] [stdout] 1438 |     use matches::*;
[INFO] [stdout]      |         ^^^^^^^^^^
[INFO] [stdout]      = help: consider adding an explicit import of `assert_matches` to disambiguate
[INFO] [stdout]      = help: or use `self::assert_matches` to refer to this macro unambiguously
[INFO] [stdout] 
[INFO] [stdout] 
[INFO] [stdout] error[E0659]: `assert_matches` is ambiguous (glob import vs any other name from outer scope during import/macro resolution)
[INFO] [stdout]     --> src/lib.rs:1513:9
[INFO] [stdout]      |
[INFO] [stdout] 1513 |         assert_matches!(
[INFO] [stdout]      |         ^^^^^^^^^^^^^^ ambiguous name
[INFO] [stdout]      |
[INFO] [stdout]      = note: `assert_matches` could refer to a macro from prelude
[INFO] [stdout] note: `assert_matches` could also refer to the macro imported here
[INFO] [stdout]     --> src/lib.rs:1438:9
[INFO] [stdout]      |
[INFO] [stdout] 1438 |     use matches::*;
[INFO] [stdout]      |         ^^^^^^^^^^
[INFO] [stdout]      = help: consider adding an explicit import of `assert_matches` to disambiguate
[INFO] [stdout]      = help: or use `self::assert_matches` to refer to this macro unambiguously
[INFO] [stdout] 
[INFO] [stdout] 
[INFO] [stdout] error[E0659]: `assert_matches` is ambiguous (glob import vs any other name from outer scope during import/macro resolution)
[INFO] [stdout]     --> src/lib.rs:1518:9
[INFO] [stdout]      |
[INFO] [stdout] 1518 |         assert_matches!(
[INFO] [stdout]      |         ^^^^^^^^^^^^^^ ambiguous name
[INFO] [stdout]      |
[INFO] [stdout]      = note: `assert_matches` could refer to a macro from prelude
[INFO] [stdout] note: `assert_matches` could also refer to the macro imported here
[INFO] [stdout]     --> src/lib.rs:1438:9
[INFO] [stdout]      |
[INFO] [stdout] 1438 |     use matches::*;
[INFO] [stdout]      |         ^^^^^^^^^^
[INFO] [stdout]      = help: consider adding an explicit import of `assert_matches` to disambiguate
[INFO] [stdout]      = help: or use `self::assert_matches` to refer to this macro unambiguously
[INFO] [stdout] 
[INFO] [stdout] 
[INFO] [stdout] error[E0659]: `assert_matches` is ambiguous (glob import vs any other name from outer scope during import/macro resolution)
[INFO] [stdout]     --> src/lib.rs:1523:9
[INFO] [stdout]      |
[INFO] [stdout] 1523 |         assert_matches!(
[INFO] [stdout]      |         ^^^^^^^^^^^^^^ ambiguous name
[INFO] [stdout]      |
[INFO] [stdout]      = note: `assert_matches` could refer to a macro from prelude
[INFO] [stdout] note: `assert_matches` could also refer to the macro imported here
[INFO] [stdout]     --> src/lib.rs:1438:9
[INFO] [stdout]      |
[INFO] [stdout] 1438 |     use matches::*;
[INFO] [stdout]      |         ^^^^^^^^^^
[INFO] [stdout]      = help: consider adding an explicit import of `assert_matches` to disambiguate
[INFO] [stdout]      = help: or use `self::assert_matches` to refer to this macro unambiguously
[INFO] [stdout] 
[INFO] [stdout] 
[INFO] [stdout] error[E0659]: `assert_matches` is ambiguous (glob import vs any other name from outer scope during import/macro resolution)
[INFO] [stdout]     --> src/lib.rs:1528:9
[INFO] [stdout]      |
[INFO] [stdout] 1528 |         assert_matches!(
[INFO] [stdout]      |         ^^^^^^^^^^^^^^ ambiguous name
[INFO] [stdout]      |
[INFO] [stdout]      = note: `assert_matches` could refer to a macro from prelude
[INFO] [stdout] note: `assert_matches` could also refer to the macro imported here
[INFO] [stdout]     --> src/lib.rs:1438:9
[INFO] [stdout]      |
[INFO] [stdout] 1438 |     use matches::*;
[INFO] [stdout]      |         ^^^^^^^^^^
[INFO] [stdout]      = help: consider adding an explicit import of `assert_matches` to disambiguate
[INFO] [stdout]      = help: or use `self::assert_matches` to refer to this macro unambiguously
[INFO] [stdout] 
[INFO] [stdout] 
[INFO] [stdout] error[E0659]: `assert_matches` is ambiguous (glob import vs any other name from outer scope during import/macro resolution)
[INFO] [stdout]     --> src/lib.rs:1538:9
[INFO] [stdout]      |
[INFO] [stdout] 1538 |         assert_matches!(
[INFO] [stdout]      |         ^^^^^^^^^^^^^^ ambiguous name
[INFO] [stdout]      |
[INFO] [stdout]      = note: `assert_matches` could refer to a macro from prelude
[INFO] [stdout] note: `assert_matches` could also refer to the macro imported here
[INFO] [stdout]     --> src/lib.rs:1438:9
[INFO] [stdout]      |
[INFO] [stdout] 1438 |     use matches::*;
[INFO] [stdout]      |         ^^^^^^^^^^
[INFO] [stdout]      = help: consider adding an explicit import of `assert_matches` to disambiguate
[INFO] [stdout]      = help: or use `self::assert_matches` to refer to this macro unambiguously
[INFO] [stdout] 
[INFO] [stdout] 
[INFO] [stdout] error: aborting due to 7 previous errors
[INFO] [stdout] 
[INFO] [stdout] 
[INFO] [stdout] For more information about this error, try `rustc --explain E0659`.
[INFO] [stdout] 
[INFO] [stderr] error: could not compile `scte35-reader`
[INFO] [stderr] 
[INFO] [stderr] To learn more, run the command again with --verbose.
[INFO] running `Command { std: "docker" "inspect" "0d5468b81be5022b276f746492631e5b0ba8e29db4d82d6dfc3d888d9e9287fd", kill_on_drop: false }`
[INFO] running `Command { std: "docker" "rm" "-f" "0d5468b81be5022b276f746492631e5b0ba8e29db4d82d6dfc3d888d9e9287fd", kill_on_drop: false }`
[INFO] [stdout] 0d5468b81be5022b276f746492631e5b0ba8e29db4d82d6dfc3d888d9e9287fd
